is the remainder when 5453 is divided by 1222?
565
Calculate the remainder when 5580 is divided by 998.
590
What is the remainder when 110632 is divided by 35?
32
Calculate the remainder when 152937 is divided by 94.
93
Calculate the remainder when 24480 is divided by 1096.
368
Calculate the remainder when 607310 is divided by 487.
21
What is the remainder when 18084 is divided by 18064?
20
Calculate the remainder when 594 is divided by 41.
20
What is the remainder when 337356 is divided by 64?
12
Calculate the remainder when 6124 is divided by 164.
56
What is the remainder when 265240 is divided by 22103?
4
Calculate the remainder when 6852 is divided by 1370.
2
What is the remainder when 10762 is divided by 10255?
507
Calculate the remainder when 61706 is divided by 170.
166
What is the remainder when 1182 is divided by 932?
250
What is the remainder when 561 is divided by 479?
82
Calculate the remainder when 255825 is divided by 226.
219
What is the remainder when 47188 is divided by 472?
460
Calculate the remainder when 157953 is divided by 401.
360
Calculate the remainder when 70108 is divided by 50.
8
Calculate the remainder when 1111 is divided by 184.
7
Calculate the remainder when 5103 is divided by 29.
28
Calculate the remainder when 23761 is divided by 19.
11
What is the remainder when 396072 is divided by 1193?
1189
Calculate the remainder when 724 is divided by 205.
109
Calculate the remainder when 18882 is divided by 288.
162
What is the remainder when 22632 is divided by 444?
432
What is the remainder when 163986 is divided by 1562?
1538
What is the remainder when 5818 is divided by 549?
328
Calculate the remainder when 349 is divided by 65.
24
What is the remainder when 397725 is divided by 6520?
5
Calculate the remainder when 9623 is divided by 3200.
23
Calculate the remainder when 169739 is divided by 45.
44
Calculate the remainder when 40817 is divided by 3710.
7
Calculate the remainder when 46134 is divided by 73.
71
Calculate the remainder when 3675 is divided by 3643.
32
Calculate the remainder when 8405 is divided by 931.
26
Calculate the remainder when 27202 is divided by 300.
202
Calculate the remainder when 2382 is divided by 111.
51
What is the remainder when 120182 is divided by 10014?
14
What is the remainder when 602664 is divided by 351?
348
What is the remainder when 40659 is divided by 40588?
71
Calculate the remainder when 18805 is divided by 64.
53
Calculate the remainder when 2140 is divided by 179.
171
Calculate the remainder when 386879 is divided by 27.
23
What is the remainder when 4161 is divided by 70?
31
Calculate the remainder when 280465 is divided by 56090.
15
What is the remainder when 162869 is divided by 20357?
13
Calculate the remainder when 167452 is divided by 27.
25
Calculate the remainder when 6638 is divided by 214.
4
What is the remainder when 375948 is divided by 13924?
0
Calculate the remainder when 3479 is divided by 264.
47
Calculate the remainder when 851014 is divided by 18.
10
Calculate the remainder when 3967 is divided by 1247.
226
Calculate the remainder when 1883 is divided by 12.
11
What is the remainder when 11174 is divided by 186?
14
What is the remainder when 12702 is divided by 1586?
14
What is the remainder when 31553 is divided by 1260?
53
Calculate the remainder when 5757 is divided by 65.
37
What is the remainder when 12889 is divided by 1399?
298
Calculate the remainder when 64686 is divided by 42.
6
What is the remainder when 4476 is divided by 19?
11
What is the remainder when 764 is divided by 605?
159
Calculate the remainder when 9129 is divided by 87.
81
Calculate the remainder when 14969 is divided by 16.
9
Calculate the remainder when 18403 is divided by 18342.
61
Calculate the remainder when 108803 is divided by 27200.
3
What is the remainder when 41000 is divided by 398?
6
Calculate the remainder when 33746 is divided by 3745.
41
What is the remainder when 189329 is divided by 14?
7
What is the remainder when 829497 is divided by 35?
32
Calculate the remainder when 2479972 is divided by 9.
4
What is the remainder when 163485 is divided by 48?
45
Calculate the remainder when 702 is divided by 166.
38
Calculate the remainder when 6944 is divided by 95.
9
What is the remainder when 2476 is divided by 1233?
10
Calculate the remainder when 4085457 is divided by 90.
87
Calculate the remainder when 7568 is divided by 137.
33
What is the remainder when 555518 is divided by 224?
222
What is the remainder when 4579 is divided by 277?
147
What is the remainder when 11240 is divided by 65?
60
Calculate the remainder when 19058 is divided by 1002.
20
What is the remainder when 7913 is divided by 2633?
14
What is the remainder when 1224 is divided by 316?
276
What is the remainder when 385 is divided by 255?
130
What is the remainder when 719 is divided by 522?
197
What is the remainder when 595248 is divided by 169?
30
Calculate the remainder when 10138 is divided by 10053.
85
Calculate the remainder when 386968 is divided by 103.
100
What is the remainder when 10021 is divided by 4992?
37
What is the remainder when 394832 is divided by 95?
12
Calculate the remainder when 805388 is divided by 13.
12
Calculate the remainder when 95221 is divided by 95.
31
Calculate the remainder when 12021 is divided by 374.
53
Calculate the remainder when 128619 is divided by 291.
288
What is the remainder when 2164 is divided by 2156?
8
What is the remainder when 41116 is divided by 614?
592
What is the remainder when 310280 is divided by 151?
126
Calculate the remainder when 45166 is divided by 5645.
6
What is the remainder when 3845 is divided by 3779?
66
Calculate the remainder when 773349 is divided by 184.
181
What is the remainder when 2038 is divided by 5?
3
What is the remainder when 23912 is divided by 23895?
17
Calculate the remainder when 25373 is divided by 36.
29
What is the remainder when 2028 is divided by 81?
3
Calculate the remainder when 12856 is divided by 4203.
247
What is the remainder when 180568 is divided by 13?
11
Calculate the remainder when 1578 is divided by 50.
28
What is the remainder when 13341 is divided by 370?
21
What is the remainder when 942 is divided by 172?
82
What is the remainder when 33692 is divided by 1338?
242
What is the remainder when 11876 is divided by 278?
200
Calculate the remainder when 64181 is divided by 1492.
25
What is the remainder when 1085 is divided by 178?
17
Calculate the remainder when 1862 is divided by 78.
68
Calculate the remainder when 2853 is divided by 14.
11
What is the remainder when 3336 is divided by 509?
282
What is the remainder when 23093 is divided by 1?
0
Calculate the remainder when 891624 is divided by 107.
100
What is the remainder when 47907 is divided by 27?
9
Calculate the remainder when 3392959 is divided by 121.
119
Calculate the remainder when 2130 is divided by 1995.
135
What is the remainder when 66228 is divided by 360?
348
What is the remainder when 4312 is divided by 358?
16
What is the remainder when 15164 is divided by 22?
6
Calculate the remainder when 86727 is divided by 17342.
17
What is the remainder when 7551 is divided by 83?
81
What is the remainder when 152936 is divided by 54?
8
Calculate the remainder when 4149910 is divided by 94.
92
Calculate the remainder when 32442 is divided by 16.
10
What is the remainder when 4301 is divided by 280?
101
Calculate the remainder when 63279 is divided by 380.
199
Calculate the remainder when 26471 is divided by 13233.
5
Calculate the remainder when 2120741 is divided by 741.
740
What is the remainder when 58710 is divided by 5307?
333
What is the remainder when 306281 is divided by 118?
71
Calculate the remainder when 22171 is divided by 4431.
16
What is the remainder when 51973 is divided by 5?
3
What is the remainder when 3355 is divided by 124?
7
Calculate the remainder when 52546 is divided by 72.
58
Calculate the remainder when 304770 is divided by 23.
20
What is the remainder when 315505 is divided by 45071?
8
Calculate the remainder when 342159 is divided by 140.
139
What is the remainder when 3885 is divided by 511?
308
What is the remainder when 5013 is divided by 86?
25
Calculate the remainder when 3664 is divided by 363.
34
Calcula